74 + l. List the prime factors of q.
2, 3, 5
Suppose 49*o = 64*o + 630. Let m = -38 - 22. Let p = o - m. List the prime factors of p.
2, 3
Let k be 36952/(-186) - (1 + (-5)/3). Let i = -72 - k. What are the prime factors of i?
2, 3, 7
Suppose -3*i + 4*m = -270, 4*i = -i + 4*m + 442. Suppose 3*p - p - i = 0. Suppose -4*f - j + p = -6, 3*j - 59 = -4*f. What are the prime factors of f?
11
Let r(m) = -77*m - 295. What are the prime factors of r(-26)?
3, 569
Let s = 1239 - 679. What are the prime factors of s?
2, 5, 7
Suppose 2*x + 32*h - 35*h - 1071 = 0, 0 = x + 2*h - 525. List the prime factors of x.
3, 59
Let a be (-188)/8 + 2/(-4). Let h = a - -50. List the prime factors of h.
2, 13
Suppose 0 = -5*d + o - 1274, o + 256 = -3*d + 2*d. What are the prime factors of -25 - d - (-1 + -2)?
233
Let i = -2 + 7. Suppose -10 = -m - 4*f, f + i = m - 0*f. Let w(k) = k**3 - 5*k**2 - 3*k - 7. List the prime factors of w(m).
11
Let f(a) = a**2 - a**2 - 25 - 12*a - a**2 + 38. Let s be f(-13). What are the prime factors of 33*(1 + (s - 0))?
3, 11
Let d(v) = -4*v + 15*v**2 - 4 + v**2 + 5*v**2 - 6*v**2. List the prime factors of d(-2).
2
List the prime factors of 2383 + ((-12)/10)/(52/130).
2, 5, 7, 17
Let p = -102 + 106. Let u(w) = 2*w**2 + w + 19. List the prime factors of u(p).
5, 11
Suppose 2*g - 2*d - 1684 = 0, -5*g - 4*d + 5212 = 966. What are the prime factors of g?
2, 3, 47
Suppose 5*g - 12674 = -3*x + 7566, -3*x = 15. List the prime factors of g.
4051
Let n(q) = q**2 - 2*q + 4. Suppose 4*u + 8 = 4*h, 0 = 3*h - 2*h - 3*u. Suppose -16 = 4*b + h*f + f, -3*f - 15 = 4*b. What are the prime factors of n(b)?
19
Suppose 4*h - 392 = -h - y, 2*y = -5*h + 389. Suppose -h = -3*a + 2*a. What are the prime factors of a?
79
Let a(t) = 2*t**2 + 17*t - 18. What are the prime factors of a(-20)?
2, 13, 17
Let w(v) = 6*v**2 + v - 2. Let x be 4 + 3 + -2 - 3. List the prime factors of w(x).
2, 3
Let z be (-16)/4 - (3 + -31). Let x = 18 - z. Let k(c) = -c**3 - 6*c**2 - 2*c + 3. What are the prime factors of k(x)?
3, 5
Let r(c) = 4*c**2 - 31*c + 16*c + 12*c - 12. List the prime factors of r(6).
2, 3, 19
Let t(m) = 127*m - 117. What are the prime factors of t(24)?
3, 977
Let z = -2049 + 3392. List the prime factors of z.
17, 79
Let y = 7851 - 4538. What are the prime factors of y?
3313
Let t = -334 + 758. What are the prime factors of t?
2, 53
Let d = 14 + 8. Let z = 17 - d. Let k(h) = -h**2 - 5*h + 6. List the prime factors of k(z).
2, 3
Suppose 2*u - 1288 + 314 = 4*j, -2*j - 1453 = -3*u. What are the prime factors of u?
3, 7, 23
Let y = 22 - 7. Suppose -l = 2*z + 116, -z = -4*z + y. List the prime factors of (l/56)/((-6)/80).
2, 3, 5
Let i(g) = -g**3 - g**2 - 5*g - 19. What are the prime factors of i(-10)?
7, 19
Let x = 8 - 6. Let i(u) = 4*u - 21. Let c be i(6). Suppose x*r - c*r = -40. What are the prime factors of r?
2, 5
Suppose 11*h = 13*h - 6. List the prime factors of (197/2)/((-3)/(-6)) + h.
2, 5
Let n(i) be the third derivative of i**5/5 + i**4/24 - i**3/2 + 6*i**2. Let p be n(-2). Let c = 0 + p. List the prime factors of c.
43
Let u be 2/(-3) - ((-1960)/15 - -1). Suppose 0*s + s = u. List the prime factors of s.
3, 43
Let a(s) be the third derivative of 7*s**4/8 - 2*s**3 + 2*s**2. List the prime factors of a(3).
3, 17
What are the prime factors of (-6)/(-5)*(-110)/99*-1419?
2, 11, 43
Let m(k) = k**3 - 8*k**2 - 10*k + 7. Let u be m(9). Let p be (-3 - -2)/u*4. Suppose -216 = -2*q - p*q. List the prime factors of q.
2, 3
Suppose -16*a = -4*a + 300. What are the prime factors of (a/(-25))/(1/74)?
2, 37
Suppose 10 = -2*k, 5*a - 260 = -5*k + 325. What are the prime factors of a?
2, 61
Let q(z) = 2*z**2. Let m be q(-1). Suppose 5*o - 354 = m*n + 2*n, -o + 74 = -4*n. List the prime factors of o.
2, 5, 7
Suppose -25*z = -26975 + 8125. List the prime factors of z.
2, 13, 29
Let p = 79 + -73. List the prime factors of ((-10)/p)/(9/(-837)).
5, 31
Let m = -233 + 438. What are the prime factors of m?
5, 41
Let y = 7767 + -4413. What are the prime factors of y?
2, 3, 13, 43
Let x(f) = 10*f + 1. Suppose -4*a - 4 = -i + 1, 4*i = 3*a + 33. Let p be x(i). Suppose 3*r + 13 - p = 0. List the prime factors of r.
2, 13
Let o be (-5 - -4)*(-72)/4. Suppose 242 = 5*a - o. Suppose -2*b = q - a, -5*q + q + 190 = 2*b. List the prime factors of q.
2, 23
Suppose -8*k + 49*k - 205 = 0. Suppose 4*m - t + 0*t + 37 = 0, 4*m + 3*t + 49 = 0. List the prime factors of k/(m/4) + 45.
43
Suppose 0 = -2*y + 4*p + 70, 60 = 5*y + p - 60. Let t = y + -43. Let j = 22 - t. What are the prime factors of j?
2, 5
Let g be (-5 - -6) + 2*-3. List the prime factors of (-1 - g) + -1 + 16.
19
Suppose -4*k + 5*y = 41, 3*y = -4*k + 5*y - 38. Let a(c) = -c**2 - 9*c + 4. Let l be a(k). Suppose -l*w = -2*w - 86. List the prime factors of w.
43
Suppose 0*k + 2*r + 141 = k, 5*k - 765 = -2*r. List the prime factors of k.
151
What are the prime factors of (-9796)/(-18) - (-62)/(-279)?
2, 17
Let h(f) = 3*f**3 + 47*f**2 + 24*f + 50. List the prime factors of h(-13).
2, 5, 109
Let o = -10 - -12. Suppose -3*u + 3*j = -0*u - 21, 2*u + 2*j + 2 = 0. Suppose -u = -q - o*q, -3*q - 242 = -5*l. List the prime factors of l.
7
Let l be ((-4)/10)/((-1)/10). Suppose l*n = 5*s + 210, 3*s + 148 = -n + 22. List the prime factors of s/(-3) + -4 + 1.
11
Let g = 4012 + -2273. What are the prime factors of g?
37, 47
Let h be (-4)/32 - (-100)/32. Suppose -5*w = -3*w - a - 131, 199 = h*w - 4*a. List the prime factors of w.
5, 13
What are the prime factors of (68/8 + -8)*1808?
2, 113
What are the prime factors of (-2)/5*(49 + 10)*-20?
2, 59
Let n(s) = s**2 + 17*s - 1. Let i be n(-18). Suppose 14*f + 24 = i*f. List the prime factors of (4/f)/((-1)/(-54)).
3
Let p = 87 - 173. Let a = -24 - p. What are the prime factors of a?
2, 31
Let b = -56 - -54. Let m(h) = -73*h + 2. What are the prime factors of m(b)?
2, 37
Let l be ((-6)/(-2))/((-6)/(-8)). Suppose 0 = -l*j + 12*j - 1400. What are the prime factors of j?
5, 7
Let k(j) = -j**3 - 3*j**2 + 2. Let p be k(-2). Let w = -4 - p. List the prime factors of ((-66)/w)/((-18)/(-24)).
2, 11
Suppose -177 = 2*m + 143. Let c = -103 - m. List the prime factors of c.
3, 19
Suppose -21*g + 171495 = 24*g. What are the prime factors of g?
37, 103
Let x = -29 + 31. Suppose 2*m - 346 = -2*m - x*g, 3*g - 430 = -5*m. List the prime factors of m.
89
Let v(n) = -n**3 - 11*n**2 - 26*n - 28. What are the prime factors of v(-10)?
2, 3, 11
Let l(d) = -d - 2. Let x be l(1). What are the prime factors of -161*((-8)/(-4) + x)?
7, 23
Suppose 121*q = 113*q + 4616. List the prime factors of q.
577
Let n = -832 + 1114. What are the prime factors of n?
2, 3, 47
Suppose 7*c + 360 = 10*c - 3*k, 445 = 4*c + 3*k. What are the prime factors of c?
5, 23
Let d = 1689 + -1401. What are the prime factors of d?
2, 3
Let a(u) = 30*u**2 + 13*u + 62. List the prime factors of a(-6).
2, 7, 19
Let k = 1162 - 296. List the prime factors of k.
2, 433
Let x be 19/(-114) + 1/6. Suppose -3*o + 4*g + 336 = -0*o, -5*g + 15 = x. List the prime factors of o.
2, 29
Suppose 4*i + 14 = -2, -v - 3*i = -13. Suppose -2*y + 5*l - 19 = y, 5*l - v = 0. What are the prime factors of (-136)/10*(-5)/y?
2, 17
Let z(m) = 2901*m**2 + 15*m + 12. List the prime factors of z(-1).
2, 3, 7, 23
Let p be (-6)/10 - 6/(-10). Suppose 11*l - 17*l + 516 = p. What are the prime factors of l?
2, 43
Suppose 2*l = -3*a + 1309, 0*l = 5*a + 3*l - 2180. Suppose -2*k + 2*d = -357 + 139, -4*k + 3*d + a = 0. List the prime factors of k.
2, 53
Let l(u) = 32*u + 2. Let o be l(-4). Let i = 64 - o. List the prime factors of i.
2, 5, 19
Let g = 1288 - -1327. List the prime factors of g.
5, 523
Let i = 1709 + -840. What are the prime factors of i?
11, 79
Let s(a) = 104*a**2 + 26*a + 111. What are the prime factors of s(-4)?
3, 557
Suppose 20 = -12*u + 8*u + n, u = 3*n + 6. List the prime factors of (-12)/(u - -3) + 142.
2, 73
Suppose 3*q - 68*p = -63*p + 11462, 5*q - p - 19074 = 0. What are the prime factors of q?
2, 1907
Suppose 5*h + 4*n - 14375 = 0, -5578 - 8797 = -5*h + 5*n. What are the prime factors of h?
5, 23
Let y(q) = -3*q**2 - 3*q - 37. Let v be y(-7). Let i = -95 - v. List the prime factors of i.
2, 17
Let q(j) = -j + 3. Let k be q(-11). Suppose -2 = 3*x - 4*b, k - 6 = 4*b. Suppose -5*l - 5 